{"id":12490,"date":"2026-03-16T16:06:58","date_gmt":"2026-03-16T15:06:58","guid":{"rendered":"https:\/\/castelldelremei.com\/?post_type=product&#038;p=12490"},"modified":"2026-03-16T16:57:11","modified_gmt":"2026-03-16T15:57:11","slug":"dolc-verema-tardana-lleva-2024-375cl-copia","status":"publish","type":"product","link":"https:\/\/castelldelremei.com\/es\/producte\/dolc-verema-tardana-lleva-2024-375cl-copia\/","title":{"rendered":"DOL\u00c7 VEREMA TARDANA VENDIMIA 2024 37,5cl"},"content":{"rendered":"<p><strong>Vino dulce natural de Vend\u00edmia Tard\u00eda<\/strong><\/p>\n<p><strong>Variedades<\/strong>: 100% Petit Manseng.<\/p>\n<p><strong>Vend\u00edmia<\/strong>: Manual en cajas de 20 kg el 14 de octubre de 2024.<\/p>\n<p><strong>Elaboraci\u00f3n<\/strong>: La uva se deja pasificar encima de ca\u00f1izos durante 37 d\u00edas, siempre a cubierto y con una buena ventilaci\u00f3n para una \u00f3ptima conservaci\u00f3n. De esta forma, reducimos a m\u00e1s de la mitad el volumen de la uva, concentrando los az\u00facares, los \u00e1cidos y los aromas.<br \/>\nSe prensa el 20 de noviembre de 2024, obteniendo un rendimiento del 35%.<\/p>\n<p><strong>Fermentaci\u00f3n<\/strong>: Larga y pl\u00e1cida fermentaci\u00f3 hasta que para por s\u00ed sola, quedando una alta cantidad de az\u00facares propios de la uva.<\/p>\n<p><strong>Crianza<\/strong>: Envejecido en barrica de roble franc\u00e9s de 225L durante 9 meses.<\/p>\n<p><strong>Producci\u00f3n<\/strong>: 797 botellas de 37,5cL.<\/p>\n<p><strong>Embalaje<\/strong>: botella de 37,5cL con estuche individual.<\/p>\n<p><strong>An\u00e1lisis<\/strong>:<br \/>\nAlcohol: 12% vol.<br \/>\nAcidez total: 8 g\/L<br \/>\npH: 3,30<br \/>\nAz\u00facares: 220 g\/L<\/p>\n<p><strong>Maridaje<\/strong>: Quesos azules, tarrinas de foie gras, pastel de queso, pasteles y postres a base de frutas.<\/p>\n<p><strong>Temperatura de servicio<\/strong>: M\u00e1s bien fr\u00edo, entre 6-10 \u00b0C.<\/p>\n<p><strong>Nota de cata<\/strong>: Amarillo \u00e1mbar denso y brillante. Dominio de miel y frutas blancas en alm\u00edbar. Recuerdos de albaricoque y melocot\u00f3n maduro, membrillo y orejudos con un ligero fondo de crema tostada y frutos secos. Boca muy untuosa y compleja con notas caramelizadas de mango, jenjibre, mermelada y temas c\u00edtricos. Final de boca persistente y brillante.<\/p>\n<p>&nbsp;<\/p>\n<p><a href=\"https:\/\/castelldelremei.com\/wp-content\/uploads\/2026\/03\/Verema-Tardana_2024_CASTELLA_TZ.pdf\" target=\"_blank\" rel=\"noopener\"><strong>Descarga aqu\u00ed la ficha t\u00e9cnica.<\/strong><\/a><\/p>\n","protected":false},"excerpt":{"rendered":"<p><strong>El Dol\u00e7 Verema Tardana, vendimia 2024.<\/strong><\/p>\n<p>Env\u00edo antes de 72h.<\/p>\n<p>Los gastos de env\u00edo son gratuitos a partir de 60\u20ac.<\/p>\n","protected":false},"featured_media":12496,"comment_status":"open","ping_status":"closed","template":"","meta":{"om_disable_all_campaigns":false,"_monsterinsights_skip_tracking":false,"_monsterinsights_sitenote_active":false,"_monsterinsights_sitenote_note":"","_monsterinsights_sitenote_category":0,"site-sidebar-layout":"default","site-content-layout":"default","ast-site-content-layout":"default","site-content-style":"default","site-sidebar-style":"default","ast-global-header-display":"","ast-banner-title-visibility":"","ast-main-header-display":"","ast-hfb-above-header-display":"","ast-hfb-below-header-display":"","ast-hfb-mobile-header-display":"","site-post-title":"","ast-breadcrumbs-content":"","ast-featured-img":"","footer-sml-layout":"","ast-disable-related-posts":"","theme-transparent-header-meta":"default","adv-header-id-meta":"","stick-header-meta":"default","header-above-stick-meta":"","header-main-stick-meta":"","header-below-stick-meta":"","astra-migrate-meta-layouts":"set","ast-page-background-enabled":"default","ast-page-background-meta":{"desktop":{"background-color":"","background-image":"","background-repeat":"repeat","background-position":"center center","background-size":"auto","background-attachment":"scroll","background-type":"","background-media":"","overlay-type":"","overlay-color":"","overlay-opacity":"","overlay-gradient":""},"tablet":{"background-color":"","background-image":"","background-repeat":"repeat","background-position":"center center","background-size":"auto","background-attachment":"scroll","background-type":"","background-media":"","overlay-type":"","overlay-color":"","overlay-opacity":"","overlay-gradient":""},"mobile":{"background-color":"","background-image":"","background-repeat":"repeat","background-position":"center center","background-size":"auto","background-attachment":"scroll","background-type":"","background-media":"","overlay-type":"","overlay-color":"","overlay-opacity":"","overlay-gradient":""}},"ast-content-background-meta":{"desktop":{"background-color":"var(--ast-global-color-5)","background-image":"","background-repeat":"repeat","background-position":"center center","background-size":"auto","background-attachment":"scroll","background-type":"","background-media":"","overlay-type":"","overlay-color":"","overlay-opacity":"","overlay-gradient":""},"tablet":{"background-color":"var(--ast-global-color-5)","background-image":"","background-repeat":"repeat","background-position":"center center","background-size":"auto","background-attachment":"scroll","background-type":"","background-media":"","overlay-type":"","overlay-color":"","overlay-opacity":"","overlay-gradient":""},"mobile":{"background-color":"var(--ast-global-color-5)","background-image":"","background-repeat":"repeat","background-position":"center center","background-size":"auto","background-attachment":"scroll","background-type":"","background-media":"","overlay-type":"","overlay-color":"","overlay-opacity":"","overlay-gradient":""}}},"product_brand":[],"product_cat":[108],"product_tag":[],"class_list":{"0":"post-12490","1":"product","2":"type-product","3":"status-publish","4":"has-post-thumbnail","6":"product_cat-vino-blanco","7":"desktop-align-center","8":"tablet-align-center","9":"mobile-align-center","10":"ast-product-gallery-layout-horizontal","11":"ast-product-gallery-with-no-image","12":"ast-product-tabs-layout-distributed","14":"first","15":"instock","16":"taxable","17":"shipping-taxable","18":"purchasable","19":"product-type-simple"},"_links":{"self":[{"href":"https:\/\/castelldelremei.com\/es\/wp-json\/wp\/v2\/product\/12490","targetHints":{"allow":["GET"]}}],"collection":[{"href":"https:\/\/castelldelremei.com\/es\/wp-json\/wp\/v2\/product"}],"about":[{"href":"https:\/\/castelldelremei.com\/es\/wp-json\/wp\/v2\/types\/product"}],"replies":[{"embeddable":true,"href":"https:\/\/castelldelremei.com\/es\/wp-json\/wp\/v2\/comments?post=12490"}],"wp:featuredmedia":[{"embeddable":true,"href":"https:\/\/castelldelremei.com\/es\/wp-json\/wp\/v2\/media\/12496"}],"wp:attachment":[{"href":"https:\/\/castelldelremei.com\/es\/wp-json\/wp\/v2\/media?parent=12490"}],"wp:term":[{"taxonomy":"product_brand","embeddable":true,"href":"https:\/\/castelldelremei.com\/es\/wp-json\/wp\/v2\/product_brand?post=12490"},{"taxonomy":"product_cat","embeddable":true,"href":"https:\/\/castelldelremei.com\/es\/wp-json\/wp\/v2\/product_cat?post=12490"},{"taxonomy":"product_tag","embeddable":true,"href":"https:\/\/castelldelremei.com\/es\/wp-json\/wp\/v2\/product_tag?post=12490"}],"curies":[{"name":"wp","href":"https:\/\/api.w.org\/{rel}","templated":true}]}}

DOLÇ VEREMA TARDANA VENDIMIA 2024 37,5cl

<p><strong>Vino dulce natural de Vendímia Tardía</strong></p>
<p><strong>Variedades</strong>: 100% Petit Manseng.</p>
<p><strong>Vendímia</strong>: Manual en cajas de 20 kg el 14 de octubre de 2024.</p>
<p><strong>Elaboración</strong>: La uva se deja pasificar encima de cañizos durante 37 días, siempre a cubierto y con una buena ventilación para una óptima conservación. De esta forma, reducimos a más de la mitad el volumen de la uva, concentrando los azúcares, los ácidos y los aromas.<br />
Se prensa el 20 de noviembre de 2024, obteniendo un rendimiento del 35%.</p>
<p><strong>Fermentación</strong>: Larga y plácida fermentació hasta que para por sí sola, quedando una alta cantidad de azúcares propios de la uva.</p>
<p><strong>Crianza</strong>: Envejecido en barrica de roble francés de 225L durante 9 meses.</p>
<p><strong>Producción</strong>: 797 botellas de 37,5cL.</p>
<p><strong>Embalaje</strong>: botella de 37,5cL con estuche individual.</p>
<p><strong>Análisis</strong>:<br />
Alcohol: 12% vol.<br />
Acidez total: 8 g/L<br />
pH: 3,30<br />
Azúcares: 220 g/L</p>
<p><strong>Maridaje</strong>: Quesos azules, tarrinas de foie gras, pastel de queso, pasteles y postres a base de frutas.</p>
<p><strong>Temperatura de servicio</strong>: Más bien frío, entre 6-10 °C.</p>
<p><strong>Nota de cata</strong>: Amarillo ámbar denso y brillante. Dominio de miel y frutas blancas en almíbar. Recuerdos de albaricoque y melocotón maduro, membrillo y orejudos con un ligero fondo de crema tostada y frutos secos. Boca muy untuosa y compleja con notas caramelizadas de mango, jenjibre, mermelada y temas cítricos. Final de boca persistente y brillante.</p>
<p>&nbsp;</p>
<p><a href="https://castelldelremei.com/wp-content/uploads/2026/03/Verema-Tardana_2024_CASTELLA_TZ.pdf" target="_blank" rel="noopener"><strong>Descarga aquí la ficha técnica.</strong></a></p>

<p><strong>El Dolç Verema Tardana, vendimia 2024.</strong></p>
<p>Envío antes de 72h.</p>
<p>Los gastos de envío son gratuitos a partir de 60€.</p>
